2.
2, 17, 83
What are the prime factors of 36270?
2, 3, 5, 13, 31
List the prime factors of 8561.
7, 1223
List the prime factors of 4378.
2, 11, 199
What are the prime factors of 583?
11, 53
What are the prime factors of 2180?
2, 5, 109
What are the prime factors of 53862?
2, 3, 47, 191
List the prime factors of 27698.
2, 11, 1259
List the prime factors of 3486.
2, 3, 7, 83
What are the prime factors of 12977?
19, 683
What are the prime factors of 24685?
5, 4937
What are the prime factors of 10006?
2, 5003
What are the prime factors of 25793?
25793
List the prime factors of 1147.
31, 37
What are the prime factors of 1548?
2, 3, 43
What are the prime factors of 2938?
2, 13, 113
List the prime factors of 81795.
3, 5, 7, 19, 41
What are the prime factors of 24217?
61, 397
What are the prime factors of 61208?
2, 7, 1093
List the prime factors of 397.
397
What are the prime factors of 64122?
2, 3, 10687
What are the prime factors of 13801?
37, 373
List the prime factors of 613.
613
List the prime factors of 37729.
29, 1301
What are the prime factors of 1328?
2, 83
What are the prime factors of 11418?
2, 3, 11, 173
What are the prime factors of 54?
2, 3
What are the prime factors of 31747?
53, 599
List the prime factors of 111.
3, 37
What are the prime factors of 699?
3, 233
List the prime factors of 96206.
2, 11, 4373
List the prime factors of 6339.
3, 2113
What are the prime factors of 7759?
7759
What are the prime factors of 974?
2, 487
List the prime factors of 7371.
3, 7, 13
What are the prime factors of 81?
3
List the prime factors of 11197.
11197
List the prime factors of 83172.
2, 3, 29, 239
List the prime factors of 3561.
3, 1187
What are the prime factors of 210?
2, 3, 5, 7
List the prime factors of 17128.
2, 2141
What are the prime factors of 836?
2, 11, 19
What are the prime factors of 6942?
2, 3, 13, 89
List the prime factors of 1202.
2, 601
List the prime factors of 1459.
1459
What are the prime factors of 2473?
2473
What are the prime factors of 22336?
2, 349
List the prime factors of 2487.
3, 829
List the prime factors of 294.
2, 3, 7
List the prime factors of 1467.
3, 163
What are the prime factors of 7293?
3, 11, 13, 17
List the prime factors of 71050.
2, 5, 7, 29
List the prime factors of 6632.
2, 829
List the prime factors of 58893.
3, 67, 293
What are the prime factors of 10721?
71, 151
What are the prime factors of 31946?
2, 15973
List the prime factors of 20113.
20113
What are the prime factors of 8990?
2, 5, 29, 31
What are the prime factors of 121616?
2, 11, 691
List the prime factors of 4170.
2, 3, 5, 139
What are the prime factors of 18594?
2, 3, 1033
List the prime factors of 32724.
2, 3, 101
List the prime factors of 11724.
2, 3, 977
List the prime factors of 9878.
2, 11, 449
List the prime factors of 6972.
2, 3, 7, 83
What are the prime factors of 34?
2, 17
What are the prime factors of 18132?
2, 3, 1511
List the prime factors of 731.
17, 43
List the prime factors of 1003.
17, 59
What are the prime factors of 6456?
2, 3, 269
What are the prime factors of 17077?
17077
What are the prime factors of 896?
2, 7
List the prime factors of 34012.
2, 11, 773
What are the prime factors of 5758?
2, 2879
What are the prime factors of 3109?
3109
What are the prime factors of 55416?
2, 3, 2309
List the prime factors of 6299.
6299
List the prime factors of 1534.
2, 13, 59
What are the prime factors of 61?
61
List the prime factors of 2934.
2, 3, 163
What are the prime factors of 516?
2, 3, 43
List the prime factors of 119980.
2, 5, 7, 857
What are the prime factors of 1718?
2, 859
What are the prime factors of 926?
2, 463
What are the prime factors of 356?
2, 89
List the prime factors of 1893.
3, 631
List the prime factors of 2041.
13, 157
List the prime factors of 17919.
3, 11, 181
List the prime factors of 1223.
1223
List the prime factors of 12735.
3, 5, 283
What are the prime factors of 60598?
2, 41, 739
What are the prime factors of 5652?
2, 3, 157
What are the prime factors of 103392?
2, 3, 359
List the prime factors of 890.
2, 5, 89
What are the prime factors of 9047?
83, 109
What are the prime factors of 79524?
2, 3, 47
What are the prime factors of 475?
5, 19
What are the prime factors of 9903?
3, 3301
What are the prime factors of 17918?
2, 17, 31
What are the prime factors of 1716?
2, 3, 11, 13
What are the prime factors of 40763?
40763
List the prime factors of 74393.
11, 6763
What are the prime factors of 8276?
2, 2069
List the prime factors of 822.
2, 3, 137
List the prime factors of 11384.
2, 1423
What are the prime factors of 21959?
7, 3137
List the prime factors of 17849.
13, 1373
List the prime factors of 26079.
3, 8693
What are the prime factors of 5386?
2, 2693
List the prime factors of 139377.
3, 7, 6637
List the prime factors of 15437.
43, 359
List the prime factors of 8352.
2, 3, 29
List the prime factors of 2259.
3, 251
What are the prime factors of 140819?
7, 20117
List the prime factors of 102.
2, 3, 17
List the prime factors of 3955.
5, 7, 113
What are the prime factors of 1320?
2, 3, 5, 11
List the prime factors of 49942.
2, 24971
List the prime factors of 732.
2, 3, 61
List the prime factors of 1368.
2, 3, 19
What are the prime factors of 51425?
5, 11, 17
What are the prime factors of 2470?
2, 5, 13, 19
List the prime factors of 53.
53
What are the prime factors of 18611?
37, 503
List the prime factors of 1526.
2, 7, 109
List the prime factors of 35133.
3, 7, 239
What are the prime factors of 10012?
2, 2503
List the prime factors of 150418.
2, 75209
What are the prime factors of 58413?
3, 19471
List the prime factors of 42452.
2, 10613
What are the prime factors of 172?
2, 43
List the prime factors of 3005.
5, 601
What are the prime factors of 974?
2, 487
List the prime factors of 852.
2, 3, 71
What are the prime factors of 65680?
2, 5, 821
What are the prime factors of 1394?
2, 17, 41
What are the prime factors of 3262?
2, 7, 233
What are the prime factors of 1410?
2, 3, 5, 47
What are the prime factors of 734?
2, 367
What are the prime factors of 15639?
3, 13, 401
List the prime factors of 29083.
127, 229
List the prime factors of 1271.
31, 41
List the prime factors of 44822.
2, 73, 307
What are the prime factors of 132190?
2, 5, 13219
List the prime factors of 7882.
2, 7, 563
List the prime factors of 3123.
3, 347
List the prime factors of 14686.
2, 7, 1049
List the prime factors of 969.
3, 17, 19
List the prime factors of 2786.
2, 7, 199
What are the prime factors of 9476?
2, 23, 103
List the prime factors of 8834.
2, 7, 631
What are the prime factors of 96644?
2, 37, 653
What are the prime factors of 10074?
2, 3, 23, 73
What are the prime factors of 17707?
17707
List the prime factors of 1445.
5, 17
List the prime factors of 1096.
2, 137
List the prime factors of 777.
3, 7, 37
What are the prime factors of 7726?
2, 3863
List the prime factors of 609.
3, 7, 29
List the prime factors of 65622.
2, 3, 10937
List the prime factors of 50258.
2, 13, 1933
What are the prime factors of 51918?
2, 3, 17, 509
List the prime factors of 5509.
7, 787
List the prime factors of 6671.
7, 953
List the prime factors of 410.
2, 5, 41
List the prime factors of 161.
7, 23
What are the prime factors of 2173?
41, 53
What are the prime factors of 12997?
41, 317
List the prime factors of 3277.
29, 113
What are the prime factors of 893?
19, 47
List the prime factors of 32707.
32707
What are the prime factors of 1040?
2, 5, 13
List the prime factors of 97524.
2, 3, 7, 43
What are the prime factors of 885?
3, 5, 59
List the prime factors of 594.
2, 3, 11
List the prime factors of 53255.
5, 10651
What are the prime factors of 869?
11, 79
List the prime factors of 19573.
23, 37
What are the prime factors of 61566?
2, 3, 31, 331
What are the prime factors of 6587?
7, 941
List the prime factors of 5676.
2, 3, 11, 43
List the prime factors of 4316.
2, 13, 83
What are the prime factors of 2233?
7, 11, 29
List the prime factors of 7159.
7159
List the prime factors of 624.
2, 3, 13
What are the prime factors of 36491?
7, 13, 401
What are the prime factors of 7415?
5, 1483
List the prime factors of 10844.
2, 2711
What are the prime factors of 31239?
3, 13, 89
List the prime factors of 447.
3, 149
List the prime factors of 28202.
2, 59